48
Calculate -80 - -89 - (-8 + (5 - -7 - 6)).
11
Calculate -7 - (74 + -44 - 90).
53
What is 14 + 7 + (-4 + -5 + -3 - 7)?
2
15 + -10 + -31 - (242 + -235)
-33
-6 - -2 - (-8 + -1 + -14 + 7 - -20)
-8
What is -34 - 1 - (38 + -30 + (-11 - -5) + 6)?
-43
(25 - 0) + -3335 + 3453
143
Calculate -2686 + 2748 + -55 + 0.
7
Calculate (9 - -1 - (3 - 2)) + 590 + -642.
-43
(48 - (180 - 68)) + 2 + 20
-42
-6 - (51 - ((1 - 1) + 16 + -7) - 10)
-38
(58 - (33 - 5)) + 14
44
What is (-1153 - -1118) + 0 + 73?
38
(25 - -3 - 15) + (18 - (6 - -8)) + 65
82
What is the value of -3 - -2 - (-301 + 262) - 0?
38
86 - (48 - (-46 - -30))
22
Evaluate 1131 + -1143 + (2 - -48).
38
What is (4 - 20) + 13 + (9 - 39)?
-33
Calculate 93 - (-23 + 12 + 38) - (25 + -8).
49
What is 4 - ((-4 + -11 + 11 + -3 - -18) + -11)?
4
What is -3 + 12 + 322 + -313?
18
What is the value of (-75 - 42) + 94 + 1 + 12?
-10
Evaluate -50 + 51 + -25 - -20 - (-2 - 13).
11
What is 62 + (-17 - (49 - -8))?
-12
Evaluate 67 + 79 + -17 - 47.
82
What is the value of (8 + (4 - 3) - (-1 + 8 + 4)) + 49?
47
(29 - 30) + 16 + -4 - (-13 + 1)
23
What is the value of (-3 - -167) + (-20 - -16 - 13) + (0 - 11)?
136
Calculate (-33 - 1) + (-29 - (20 - (68 - 16))).
-31
What is the value of 54 - (-116 + 207) - 26?
-63
Evaluate -3028 + 3006 + 1 + -92.
-113
5 - ((-2 - -17 - (-68 - -75)) + 67)
-70
What is (-27 + 38 + -10 - -71) + -3 - (-2 - -2)?
69
What is 4 + (11 - 2) - (357 + -337)?
-7
Evaluate -77 + 46 + 118 - 44.
43
-35 + -17 + 54 + -17
-15
What is (19 - (39 + -84)) + -72 - (-1 + (1 - -119))?
-127
Evaluate -14 - (7 + 0 + (-4 - (17 - 20))).
-20
What is (24 - 17 - 40) + -59?
-92
What is the value of 2 + 18 + -796 + 753?
-23
What is 303 + (-17 - 109) + -46?
131
Calculate -58 - ((-2 - 7) + -280 + 273).
-42
Calculate -12 + (-16 - -1) + 12 + -7 + -43.
-65
Calculate 71 - (-4 - (-3 - -12) - (71 + -27 - 45)).
83
What is ((-4 - -1) + -2 - 102) + (27 - (-32 - -54))?
-102
What is -315 + 325 + (7 - -1)?
18
What is -66 + ((-6 - 0) + -2 - (-13 - 8))?
-53
-90 - (57 - 69 - (6 - (4 + -5)))
-71
What is the value of 190 - (153 - 179) - 166?
50
Evaluate 6 + (-2 - -10 - 4) - (-17 - (-10 - -21)).
38
Evaluate -13 + (19 + -2 - 43) + -3.
-42
(-4935 - -4854) + 113 + 1
33
Evaluate -4 - (-2 + 3) - (-40 + 60).
-25
Evaluate -16 + 11 + 0 + 8 + 71 + 27.
101
Calculate 1 - ((8 - 1) + -373 + 374 + (-5 - 0)).
-2
What is -11 - (-6 - (-11 - -5)) - (25 - -8)?
-44
Calculate (-10 + 24 - (7 - 5)) + -56.
-44
Evaluate -10 + -3 + 30 + -18 + (-8 - 4).
-13
Calculate 16 - (5 - 1) - (-5 + 10 + -9 + -3).
19
-11 + 10 - (-3 + -1 + -26) - (-6 + 3)
32
What is 47 + -19 - 49 - -18?
-3
What is -19 + (-15 - (-24 + 12 + 26))?
-48
-8 + 18 + -10 - 9
-9
Calculate 13 + 2 - (-9 - (4 + -13 + (11 - 11))).
15
1 - 1 - 3 - (92 + 59 + -69 + -190)
105
-88 + -1 - (0 + -26 + 37 + -8)
-92
What is the value of (-11 - 21 - -25) + 5 - 92?
-94
Calculate -7 + (51 - 38 - (-2 + 46)) + -6 + -1.
-45
What is the value of (-37 + 58 - 16) + 9?
14
Evaluate 153 - 314 - (53 - 136).
-78
Calculate -12 + (4 - ((-7 - (-11 + 12 + -9)) + -18)).
9
What is 3 + (-32 - (47 + -79))?
3
Calculate (-127 - -33 - -86) + (-2 - 1 - -4 - 94).
-101
What is (-77 - -5) + (-8 - (-19 - 32) - 23)?
-52
-2 + 2 + 1 - (-2 + -4) - (-185 + 223)
-31
Evaluate -23 - (-5 - -7 - -18) - -7.
-36
What is the value of -11 + 12 + -14 + (42 - -33)?
62
Calculate 8 + (14 - (12 + -21 + 16 + 47)) + 2.
-30
Evaluate (6 - (19 + -13 - 6)) + 31 + 7.
44
What is (78 - 17) + -6 + 0 + -1 + -7?
47
(15 - (-7 - -25)) + 0 + -7 + -2 - 92
-104
Evaluate 57 + -43 + (-7 - (5 - 27)) + (-4 - 1).
24
Evaluate -41 - -54 - 79 - ((-15 - -5) + -3).
-53
What is 19 - (-14 - -69) - -58?
22
Calculate 2 + -2 - 5 - (84 + 5 + -152).
58
Evaluate 3 + 43 + (307 - 325) + -25.
3
What is the value of 48 + 19 + 19 + -22 + -17?
47
What is 2 + 16 - ((-97 - -63) + 16)?
36
What is the value of (-9 - 4) + -13 + (23 - -1)?
-2
Evaluate 0 - ((-16 - 0) + (385 - 380)) - (46 + 1).
-36
20 + -30 + -22 + (-3 - 0) + 1 + 5
-29
42 + -12 + -10 + -32 - -21
9
What is the value of 68 + -35 + -27 - (-26 - 3)?
35
Calculate (-21 - 8) + (-27 - -40) + 140.
124
-11 + (5 - (11 + -4)) + (6 - 12)
-19
1 - -6 - (4 - (5 + -11 + -4 + -108))
-115
What is the value of (1 - (24 + (-5 - -9) - 11)) + 75 - -4?
63
Evaluate 1 - -1 - -49 - (956 + -936).
31
What is the value of 11 - ((-2 - 0) + 4) - (79 - (331 - 264))?
-3
Calculate 6 - ((14 - (31 + 11)) + 19).
15
Calculate -1 + -7 + 0 - (-17 + 27 - (0 + 20)).
2
Evaluate 32 + -76 + (3 - 18) + 17.
-42
What is the value of -100 - (-99 - (-80 - -34))?
-47
What is the value of (-59 - (-89 - -43) - (1 - -28)) + -12?
-54
Evaluate 26 + (-26 - (-10 + 0) - (-27 + -1)).
38
What is (3 - 3 - (0 - 1)) + (-62 - -101) + -59?
-19
What is the value of (49 - -1) + -3 + (-48 - (-9 - 45))?
53
6 - ((12 - (2 + -11)) + -13) - 32
-34
What is the value of 22 - (-48 + 73) - (-3 + 12 + (1 - 1))?
-12
What is 27 + -30 + (1 - -61)?
59
Calculate (1 + 0 - 76) + (-166 - -165) + (4 - -3).
-69
-6 - (2 - 3 - -10 - -2 - (-3 - 0))
-20
What is 106 - (180 + -8 + -90)?
24
Calculate -8 + (29 - 73) + -18.
-70
What is -45 - (-42 + (-25 - -31)) - -1?
-8
Calculate -57 + (-1 - (0 + -31 + 16)).
-43
Calculate (-97 - 73 - -176) + (-1 - (-17 + 0 + 0)).
22
Evaluate -3 + -38 - (21 - 32) - (-6 - 11).
-13
What is 2 - 24 - (194 + -263 + 105)?
-58
0 + -26 + -2062 + 2087 - 97
-98
What is the value of 45 - (0 - (1 + -14 - 12))?
20
What is -8 - (12 + (-68 - (16 + -7 + 4)))?
61
47 + -53 - ((-1 - (10 + -8)) + 1 + -1)
-3
Evaluate (124 - 46) + -45 + -22 + 44.
55
19 - (21 + -5 - (-25 - -6))
-16
What is -198 + (351 - 160) - (-1 + (-2 - -28))?
-32
Evaluate -2 + -18 + (-55 - -129).
54
What is the value of 90 + -63 + 43 - 75?
-5
What is the value of -16 - -11 - -5 - (-18 - (12 - -5) - -3)?
32
Calculate -1 + (13 + (-21 - -11) + -13 - 2) + 19.
6
-4 + 20 + -24 - ((4 - 6) + -29 - 2)
25
(-3 - -6 - -8) + (19 - 45) + -43
-58
Evaluate 33 - (-22 + (13 - (14 + -26)) - (-3 + -1)).
26
Calculate -4 + -22 + (-6 - 4 - (-60 - -61)).
-37
What is the value of -2 + -5 + -53 + 107 + -54 + 54?
47
(-88 + 154 - 45) + -57 + 0
-36
What is the value of -57 - 2 - (-11 + (-15 - -5 - -35))?
-73
Evaluate (36 - (12 - (-7 + (16 - -19)))) + -14.
38
What is (-13 - (7 + -6)) + 17 - 0?
3
-1 + (-8 - (-2 - -2)) - (20 - (40 + -24))
-13
(75 - 13) + (5 - (6 + -1 + 3) - -10)
69
3 + 12 + 1 + 229 + -213
32
What is -23532 + 23613 + (1 - (32 + 1))?
49
What is the value of (54 - 90) + (14 - 0 - 13)?
-35
What is 77 + (-123 - -55) + 49?
58
What is 11 + 0 + (-373 - -385 - (68 + 4))?
-49
What is the value of (13 - -2) + -60 + -68 + -25?
-138
Evaluate (19 + -38 - -2) + -19 + 2 + 6.
-28
Evaluate (26 - 23) + (-56 - -82) - -31.
60
What is the value of 3 + -21 + 4 - (15 + (1 - 15))?
-15
What is 12 + 61 + 1 + 9?
83
What is -19 - (7 + 5) - -4 - -45?
18
Calculate -66373 + 66470 + -1 + 1 + -14 + (-1 - -2).
84
Evaluate (1285 - 1174) + (2 - 56).
57
Evaluate -11 - (-3 + (11 - 13) - 5 - -64).
-65
Evaluate -104 - (-49 + 154) - -107.
-102
Calculate -40 - (25 + -37 - 64).
36
Calculate -2 + -6 + 10 - (70 + -62).
-6
What is the value of -33 + 2 - (0 - (-1 - (4 - 9)))?
-27
(1 - 81) + (57 - (-44 - -77))
-56
What is the value of 0 + (3 - 3) - (-236 - -249 - (-11 - -1))?
-23
What is -11 - (2 + -11) - (36 - 3) - (-51 + 55)?
-39
-4 + (33 - 56 - -28) + -1 + -38
-38
Evaluate (9 + 47 - (-33 + 59)) + 35.
65
What is 50 + -53 - (2 + -22) - (-3 - -15) - 57?
-52
What is (18 - (-55 + 30 + 33 - (3 - 5))) + -12?
-4
Evaluate (3 - 3) + (-17 - (0 + -18) - -10) + -2.
9
Evaluate -1 + 11 + -78 + 25 + 10.
-33
Evaluate 1 + 1 - (-79 - (13 + -44)).
50
What is -1 + ((10 - 12) + -7 + 43 - (11 + -1))?
23
-91 - (-4 + (-34 - (-12 + -10)) - 5)
-70
Calculate (70 + -27 - (38 + -17)) + -17 - 50.
-45
3 - (-15 + (-17 - -46)) - 3
-14
What is 40 - (-13 + 11 + -20) - 17?
45
Evaluate -128 + 145 + -136 + 67.
-52
What is 1 - -50 - ((-28 - -21) + 30)?
28
What is the value of -1 + 22 - (93 + -75) - -3 - (-7 - -160)?
-147
Calculate (-15 - 4) + 154 + -89.
46
Evaluate 26 + 7 + -10 + (22 - (44 + -22)).
23
What is the value of (-10 - -82) + (-12 - 20 - -18)?
58
(-8 - (6 - (5 + -4) - 2)) + (0 - -15)
4
What is the value of -11 + -6 + 20 - 31?
-28
What is -176 - -20 - 16 - -111?
-61
Calculate -64 - -1 - (-4093 - -4042).
-12
-42 - (28 + -55 + -12)
-3
Evaluate 14 + (-39 + -8 - -60) + 83.